- 105) + 1 + -23.
-36
What is the value of -3 + (-142 - -159 - (-1 - 1)) + -60?
-44
(-16 - (-8 + 13 + 6)) + 7
-20
What is the value of 48 - (17 - (1 + -7 + 17))?
42
Calculate -4 + 52 + -49 + 42.
41
Calculate 7 - (9 + -19 - (22 + -5 - 11) - 113).
136
Evaluate 7 + (102 + -95 + 63 - (3 - -10)).
64
Calculate 60 + (-49 - (-31 - -53)) + (-49 - 0) + 1.
-59
Calculate -20 - (-1 - 3 - (-13 + 10 + 8)).
-11
What is (28 - 36) + 6 + -7 + 4 - 11?
-16
Calculate 23 + (-54 - (-27 - 1)) + -56 + -2.
-61
-6 + (24 - -29 - 11)
36
What is (13 - -10) + (17 + 4 - 25)?
19
What is the value of -29 + (-6 + -12 - -31) + (-7 - -15)?
-8
What is 662 + -656 + (4 + -2 - -95) - (2 + 13)?
88
(24 - 42 - -1) + -13
-30
15 + 0 - 1 - -21
35
What is the value of (-6 - 2) + (-5 + 6 - (267 + -235))?
-39
What is -28 - (-4 - -8 - (26 + -18)) - 67?
-91
What is the value of 38 + -79 + 45 + -42?
-38
171 + -185 + 0 + 4 + -18
-28
Calculate -20 + 33 + -2 + -23 + -42 + -5.
-59
Evaluate -1985 + 1979 + (-5 - -1).
-10
Calculate (-3 - 4) + 16 - (-67 - -73).
3
Evaluate (36 - -24 - 29) + -17 + 89.
103
(-20 - (-13 + 71 + (6 - 24))) + (0 - 1)
-61
(-6 - -3) + (-32 - (65 + -90))
-10
Evaluate (50 - -2 - 21) + -39.
-8
Evaluate (-73 - (-90 + -18)) + 58.
93
Evaluate -64 + (-36 + 26 - 10) + 6.
-78
Calculate 62 + (-78 - -84) - (1 - -18) - 17.
32
What is 12 - (-24 + (-56 - -36))?
56
Calculate (-1 - -15) + 63 + 451 + -475 + 47 + -2.
98
What is 21 - (-75 + 35) - 34 - -34?
61
59 + 30 + (4 - ((4 - -8) + 7))
74
What is the value of 5 + -72 + -449 + 579?
63
(-33 - 7) + 55 + -38
-23
What is the value of (-17 - 9) + (-74 - -37) - -2?
-61
Evaluate 4 - (-10 + 19 + 1 + -2) - -15.
11
-16 - ((-2 - 5) + 24) - 28
-61
299 + -329 - (3 - 5 - -1) - (1 + 6)
-36
Evaluate 43 + 2 + -1788 + 1826.
83
What is (134 - -38 - 140) + -96 + 1?
-63
Calculate -11 + 1 - (-24 - (-125 + 133)).
22
What is (900 - 932) + (3 - (-7 + 59))?
-81
What is -12 - (5 - 6) - -26 - (-45 + 3)?
57
Calculate (-3 - 4 - -8) + 7 + -13 - (26 + 32).
-63
Calculate -3 - -2 - (-226 + 222 - (48 + 1)).
52
Calculate -111 + (91 - -82) - 6.
56
Evaluate ((-18 - (2 + -48)) + -17 - (0 + 9)) + 63.
65
What is -16 + 15 - (5 + 5 - -11)?
-22
Evaluate (22 + 25 - (7 + 10)) + 12.
42
Evaluate 4 + ((-5 - 11) + 6 - 114) + -71 + 78.
-113
Calculate 77 + (66 - (-15 + 94)).
64
Calculate (-12 - (18 - 56)) + (3 - 1 - 1).
27
What is the value of 2 - 13 - (-2302 - -2319)?
-28
What is the value of 48 + -21 - (12 + -2 - -10)?
7
What is -14 + (-72 + 16 - 9) + (-13 - -14)?
-78
Calculate -25 - (18 - (0 - 22)).
-65
Evaluate 2 + (-10 - (-41 + -23)).
56
Calculate -10 + (-5 + -2 - (-296 - -309)).
-30
What is the value of 10 - ((0 - 24) + (74 - -10))?
-50
Calculate 0 - 48 - (-38 - (-23 - (-6 + 10))).
-37
What is the value of (44 - 64 - (-28 + 0)) + -16?
-8
Calculate 40 + (36 - (71 - 45)) - -41.
91
((13 - 8) + -4 + 2 - (-9 + 7)) + 4
9
(-6 - -9) + -14 + 6 - (-4 - -2 - -3)
-6
Calculate -9 + (2 + 2 - (-183 - -138)).
40
What is (44 - (-9 + 1 + (4 - -5))) + (-7 - -10)?
46
Calculate -53 + 108 + 3 - 147.
-89
-70 - (-16 - 35) - (7 + -3)
-23
What is 7 + 1 + (-6 - 11) + -61 + 40?
-30
Calculate 7 + 24 + 8 - (-11 + 2 + -12 + 21).
39
What is the value of (49 - ((-36 - -19) + 38)) + -21 - -6?
13
What is the value of (21 - 2) + -22 + (53 + -73 - 49)?
-72
Evaluate -59 + -3 + -14 + 52.
-24
-207 + (124 - 50) + 64
-69
What is the value of 6 - 0 - ((-7 - 39) + 33 + -4)?
23
What is -18 - (-5 - 51) - 4?
34
Evaluate (164 - 107) + -20 + -1 + -16.
20
Calculate -21 - 1 - -117 - (-4 + 0 - (12 + -19)).
92
What is 25 - (-19 - (-59 + -10 + 34))?
9
Calculate (755 - 798) + (2 - -42).
1
Evaluate -2722 + 2740 + 1 + 17.
36
Calculate 63 - (-14 + 29 + (7 + -11 - 8)).
60
Calculate 3 + -1 + 42 + (51 - 43) - (-2 - -8).
46
-7 + 1 - 3 - (79 + 16 + -14)
-90
What is the value of -9 + (14 - 4) - (46 + -39)?
-6
Evaluate 2 + 33 + -1724 + 1650.
-39
(0 - 16) + (-5 - (15 - (4 - -2) - 10))
-20
-32 + 116 + (-4 - -25) - 16
89
6 + -66 - (6 - 46)
-20
What is (13 - 14) + (-11 - -15) + (8 - -5)?
16
What is (10 - -15) + (-2 - (11 - (-6 - -26))) - 11?
21
-16 + 3 + -4 + (527 - 522)
-12
(-10 - -124) + 6 - (-3 + 10 - 1)
114
Calculate 3 + (-3 - 3) + 10 - 6.
1
Evaluate -35 + (11 - 0 - -7 - (17 + (-5 - 4))).
-25
6 - -31 - -6 - (504 + -443)
-18
Evaluate -58 + 7 + -17 + 2 + 8.
-58
-42 - (0 - (129 - 43))
44
What is the value of -13 + 27 + -15 + 81 + -27?
53
12 + (10 - 21) - (4 + -3 - -6)
-6
Evaluate (4 - 4 - 44) + 34 + -22 + -10.
-42
Calculate 6 - (-29 + -7 + 110 + 13).
-81
What is -5 + (6 - 6) + (-89 + 75 - (-6 + -1))?
-12
-52 - (1 - 12 - (-129 - -137))
-33
76 + -9 + (-43 + 20 - 11)
33
Evaluate -4 - (0 + -1) - ((65 - 29) + (1 - -12)).
-52
15 - 98 - (-13 + -5) - (-9 - 1)
-55
(-13 - (15 + 6)) + (-3 + -8 + 4 - 0)
-41
Calculate (-59 - -42) + (-19 + 2 - (136 + -136)).
-34
What is 1 + 8 - (-33 + (-18 - -39 - -12))?
9
Evaluate (3 - ((-9 - 12) + 16)) + 0 + 22 + 13.
43
What is ((3 - 6) + -6 - -22) + (2 - 66)?
-51
What is the value of -142 - (-25 + (-93 - -41))?
-65
What is -43 - (-37 + -50 + 62)?
-18
What is -22 + (47 - 11) - (-14 + 0)?
28
What is the value of -126 + (14 - 3) + (-12 + 37 - 36)?
-126
Evaluate -7 + -3 - -6 - (-13 - -35).
-26
Evaluate (22 - 17) + (-32 - 1) + (11 - (-14 + 29)).
-32
What is -2 - ((6 - 8) + 66) - (11 - (-17 + 36))?
-58
Evaluate 52 - ((18 + -47 - -49 - (1 - -10)) + -1).
44
-18 - (2 + 12 - 11) - (78 - 82)
-17
What is the value of (59 - 34 - -20) + -29?
16
(18 - 8) + -54 + 3 - (13 - 18)
-36
-109 - (-25 + 102 - 153)
-33
What is 79 + 10 + (184 - 199)?
74
19 - (108 + -82 + 27)
-34
Calculate -3 - -1 - 2 - (-4 + 5 + -20 - -9).
6
What is the value of 43 + 21 + -57 - 24 - 6?
-23
What is the value of 7 + (2 + 1 - 6) + -3 - (205 + -70)?
-134
Calculate -2573 - -2561 - ((0 - 1) + 1) - (-1 + 13).
-24
What is the value of (-2 + -2 - -1) + 85 + (-119 - (-255 - -137))?
81
What is the value of -13 + -63 + (-13 - (29 + -35))?
-83
Evaluate -6 - (9 - 4) - (-39 + 30 - -10).
-12
What is -1 + 12 + (-11 - 0 - (-337 + 333))?
4
Evaluate -19054 + 19056 + -3 + -1.
-2
What is the value of 21 - -3 - (-17 + 11 - -14)?
16
Calculate -45 + 117 + -80 + 38.
30
Evaluate -75 + 73 - (-3 - 3) - -11.
15
What is the value of -412 + 443 - (-3 + 3 + 70)?
-39
What is -41 + (-55 - -56) - 0?
-40
Evaluate ((6 - 59) + 2 - -1) + (-2 - -17).
-35
What is -289 + 274 + (2 - -13) + 6 - -65?
71
What is the value of 22 + (3 - -10) - (1 - 0)?
34
Calculate 8 - (16 - 34 - -9 - (60 - -4)).
81
What is (45 - 9) + -343 + 284?
-23
Calculate 12 + 21 + -25 + -46.
-38
Evaluate -33 + (-21 + (-21 - -26) + 25 - 8).
-32
38 - (5 + 35 + -12 + (-12 - 0))
22
What is the value of -4 + -7 + 3 - ((-3 - 1) + (1 - 9))?
4
Evaluate 80 + 82 + -82 + 2.
82
What is -65 + (-2 - (-7 + (-14 - -22) - 21))?
-47
What is 3 + 37 - 67 - (-3 + -16)?
-8
Calculate (1 - -9) + (-5 - 27) + 30.
8
What is the value of (-24 - -1) + 8 + -30 + (-12 - -21)?
-36
Evaluate -12 + (-41 - (-29 + (-10 - -53))).
-67
Calculate (1 - (-17 - (25 + 41))) + (10 - (2 + -3)).
95
Evaluate (44 + 159 - 73) + -142.
-12
What is -39 + 41 + -1 + 28 - (-25 + 15) - 3?
36
Calculate -1 + -1 + 1 + (1961 - 1975).
-15
What is the value of (91 - (6 - 15)) + -24 - -9?
85
Evaluate -3 + (21 + 9 - 28) - -120 - (-1 - 14).
134
Evaluate (-84 - -86) + -46 - 20.
-64
What is the value of 107 - (148 + -94 + 31)?
22
(41 - 6 - 6) + (23 + -17 + 23 - 22)
36
What is -6 - (-2 + -2 + 21 + -183 + 176)?
-16
Evaluate -51 - (36 - (-34 - -97) - -24).
-48
What is -6 + (-13 - (6 + -11 + (-8 - -13)))?
-19
What is -18 - (-11 + -3 + 0 - (-642 + 558))?
-88
What is 12 + (-3 - (-2 + (11 - 4) + -26))?
30
What is the value of -22 + -26 - -18 - -24 - (-48 + 1) - 8?
33
Evaluate -11 + (10 - 12) + -12 + -13.
-38
Calculate (547 + -570 - (-52 - 2)) + 35.
66
Calculate -21 + (35 - (-11 - -20)).
5
-10 + 5 - -6 - 4 - (-23 + (24 - -5))
-9
Calculate -88 + 70 - (-10 - -1 - (106 - 75)).
22
Evaluate 115 + 0 + (134 + -91 - 67).
91
Calculate 5 - 1 - (-8176 - -8262).
-82
Calculate 306 - 283 - (-2 + -2) - 7.
20
What is the value of -20 + 10 + -75 + 14?
-71
What is -31 - ((-79 - -57) + 36)?
-45
Calculate -36 - (-192 - -52) - 132.
-28
Evaluate -51 - ((-175 - -194 - (3 + 16)) + 7).
-58
What is (4 - (-3 - -2)) + -1 + (784 - 673)?
115
(-14 - ((20 - 19) + -28 + -32)) + 1 + -10
36
What is -17 + -16 + 49 + -52 + -28?
-64
What is 5 + -4 + -5 - 4 - (-3